 = -5*d - 87. Determine h(-18).
3
Let x(u) = 2*u**2 - 2*u - 24. Calculate x(5).
16
Let a(r) = 3*r + 31. Give a(-16).
-17
Let m(f) = -f**2 - 6*f + 46. Calculate m(-9).
19
Let s(y) = -y**3 - y**2 + y - 25. What is s(0)?
-25
Let l(v) = 46*v - 6. What is l(2)?
86
Let j(a) = 4*a**2 + 16*a - 25. Calculate j(-5).
-5
Let a(p) = -p**2 + 11*p - 12. Give a(10).
-2
Let l(y) = 2*y - 3. Determine l(15).
27
Let x(b) = 19*b + 3. Calculate x(-1).
-16
Let g(u) = -2*u**2 + 7*u + 8. What is g(4)?
4
Let d(z) = -z**2 + 11*z - 26. Determine d(9).
-8
Let b(y) = -y**3 - 13*y**2 + 16*y + 17. Determine b(-14).
-11
Let n(t) = 5*t + 62. Calculate n(-12).
2
Let z(d) = -d**3 - 2*d**2 + 6*d - 7. Calculate z(2).
-11
Let t(w) = w**3 + 8*w**2 + 4*w + 9. Determine t(-7).
30
Let h(u) = u**3 - 23*u**2 - 101*u - 186. Calculate h(27).
3
Let s(l) = -5*l**2 + 10*l - 25. Calculate s(3).
-40
Let h(f) = f**3 - 2*f**2 - f - 53. What is h(0)?
-53
Let f(q) = q**2 - 12*q - 24. Give f(13).
-11
Let m(p) = 5*p - 15. Determine m(5).
10
Let d(i) = -52*i - 327. Calculate d(-6).
-15
Let x(n) = 2*n**2 - 4*n + 4. Determine x(4).
20
Let f(x) = x**2 + 17*x - 88. Calculate f(4).
-4
Let z(y) = -y**2 - 11*y + 31. What is z(-13)?
5
Let n(x) = 3*x**3 - 2*x**2 + 6*x - 5. Give n(1).
2
Let t(c) = -19*c. Determine t(-1).
19
Let o(d) = -21*d + 23. Give o(1).
2
Let i(x) = 3*x**2 - 51*x + 3. Give i(17).
3
Let a(z) = 10*z - 4. What is a(-2)?
-24
Let g(a) = -a**3 + 15*a**2 - 2*a + 17. Give g(15).
-13
Let w(c) = -c**2 + 5*c - 7. Determine w(8).
-31
Let g(c) = -c**2 + 12*c - 28. Give g(8).
4
Let n(c) = c**3 - 6*c**2 - 3*c - 24. Determine n(7).
4
Let w(h) = -2*h - 52. What is w(-25)?
-2
Let s(f) = -2*f + 13. Determine s(11).
-9
Let a(x) = -5*x - 32. What is a(-3)?
-17
Let y(t) = -3*t**2 - 2*t + 2. Calculate y(-3).
-19
Let x(q) = 9*q - 114. Calculate x(12).
-6
Let q(u) = -12*u + 15. What is q(2)?
-9
Let q(k) = -46*k**3 + k**2 + k - 1. What is q(1)?
-45
Let x(j) = j**3 - 9*j**2 - 9*j - 9. Give x(10).
1
Let c(q) = 2*q**2 - 13*q + 7. Determine c(6).
1
Let s(t) = 15*t**3 + 2*t - 2. What is s(1)?
15
Let n(t) = -15*t**2 + 56*t + 9. Calculate n(4).
-7
Let p(c) = -8*c**3 - 1. What is p(1)?
-9
Let d(r) = r**2 + 15*r - 8. Calculate d(-15).
-8
Let r(d) = 7*d. Determine r(1).
7
Let r(q) = 2*q**3 - q**2 - q - 1. Determine r(2).
9
Let r(v) = v**3 - v**2 - 8*v - 7. Give r(5).
53
Let f(t) = -t**3 - 8*t**2 - 5*t - 6. Give f(-6).
-48
Let z(m) = m**3 + 8*m**2 + 14*m + 4. Calculate z(-4).
12
Let k(r) = r**2 + 5*r + 7. Determine k(-4).
3
Let r(a) = a**3 - 11*a**2 + a - 18. Determine r(11).
-7
Let o(g) = -g**3 + 6*g**2 - g + 4. What is o(7)?
-52
Let a(w) = -w - 10. Give a(0).
-10
Let k(x) = -x**3 - 5*x**2 + 4*x + 2. What is k(-4)?
-30
Let s(l) = l**2 - 2*l - 4. Determine s(4).
4
Let s(n) = -42*n - 4. Determine s(-2).
80
Let i(h) = -h**2 + 19*h + 34. Calculate i(21).
-8
Let b(u) = -2*u - 44. Give b(-5).
-34
Let n(p) = 3*p. Calculate n(-1).
-3
Let f(s) = -6*s - 6. What is f(1)?
-12
Let h(i) = i**3 + 5*i**2 - 5*i + 2. Give h(-6).
-4
Let x(u) = -u**3 + 8*u**2 + 2*u - 5. Give x(8).
11
Let w(q) = -13*q - 13. What is w(-8)?
91
Let s(g) = -2*g**3 - 8*g**2 + 5*g + 10. Give s(-4).
-10
Let t(u) = -4*u**3 - 3*u + 2. Calculate t(1).
-5
Let v(y) = y**2 + 17*y + 18. Give v(-15).
-12
Let i(m) = m**3 - 9*m**2 - 15*m + 2. Give i(-2).
-12
Let z(k) = -k**2 - 4*k - 1. Calculate z(-4).
-1
Let u(z) = z**2 - 3*z + 1. What is u(3)?
1
Let j(b) = b**2 - 14*b + 24. Calculate j(11).
-9
Let n(f) = 7*f + 83. Determine n(-11).
6
Let w(t) = t**3 - 7*t**2 + t - 5. What is w(6)?
-35
Let o(y) = y**3 + 7*y**2 - 3*y + 1. What is o(-8)?
-39
Let h(b) = -b**3 + 4*b**2 + 7*b + 3. What is h(5)?
13
Let n(p) = -p + 10. Give n(4).
6
Let m(b) = 6*b + 38. Give m(10).
98
Let p(j) = -4*j**2 + 74*j - 35. What is p(18)?
1
Let p(d) = -d**2 + 4*d - 3. What is p(4)?
-3
Let c(u) = -14*u + 106. Calculate c(8).
-6
Let l(t) = 3*t**2 - 6*t - 3. What is l(3)?
6
Let d(v) = -v**3 - 2*v**2 - 13*v - 41. Calculate d(-3).
7
Let p(h) = -h**2 - 9*h + 226. Give p(-20).
6
Let l(c) = -c - 12. What is l(-2)?
-10
Let f(p) = -4*p - 20. Determine f(-7).
8
Let a(q) = -43*q. Determine a(-1).
43
Let g(a) = 3*a**2 + 8*a + 33. What is g(-4)?
49
Let n(w) = -w**2 + 10*w + 2. Give n(11).
-9
Let o(n) = -n**3 + 9*n**2 - 2*n + 6. Calculate o(9).
-12
Let g(n) = n**2 - 17*n + 32. What is g(16)?
16
Let p(q) = q**3 - 2*q**2 + q + 5. Calculate p(3).
17
Let o(i) = -25*i**2 + i + 2. What is o(-1)?
-24
Let b(y) = -y**2 - 9*y - 12. Determine b(-10).
-22
Let q(f) = -2*f**2 - f - 7. Give q(0).
-7
Let y(h) = 5*h**3 - 4*h - 3. Determine y(-2).
-35
Let v(i) = i**2 - 7*i - 4. Give v(-1).
4
Let j(b) = 77*b - 1457. Calculate j(19).
6
Let k(g) = g**2 + 15*g + 21. What is k(-13)?
-5
Let n(l) = 2*l - 12. Calculate n(4).
-4
Let j(h) = -2*h**2 - 14*h - 7. What is j(-6)?
5
Let w(t) = -t**3 + 22*t**2 + 25*t - 30. Give w(23).
16
Let k(y) = y**3 - 11*y**2 + 13*y - 14. Give k(10).
16
Let z(i) = i - 45. Determine z(45).
0
Let p(b) = b**3 - 6*b**2 + 2*b - 10. Give p(6).
2
Let v(c) = -c**3 - 9*c**2 + c - 7. What is v(-9)?
-16
Let f(g) = -3*g**2 + 44*g - 73. What is f(13)?
-8
Let q(c) = -2*c**2 + 2*c - 1. Calculate q(2).
-5
Let x(n) = -6*n + 16. Determine x(5).
-14
Let y(a) = 11*a + 147. Give y(-12).
15
Let p(i) = i - 3. Calculate p(2).
-1
Let x(n) = n**3 + n**2 - 2*n + 5. What is x(-3)?
-7
Let q(k) = k**3 + 17*k**2 + 33*k + 269. Calculate q(-16).
-3
Let n(z) = -z**3 - 7*z**2 - 2*z - 7. Determine n(-7).
7
Let s(p) = p - 17. Determine s(3).
-14
Let u(c) = -c**2 - 6*c - 3. What is u(-5)?
2
Let u(h) = 9*h + 25. Determine u(-8).
-47
Let m(v) = -v**2 + v + 91. Calculate m(-6).
49
Let w(j) = -j**3 - 8*j**2 + 6*j - 19. Give w(-9).
8
Let o(t) = -2*t**2 + 4*t + 31. Determine o(8).
-65
Let h(w) = -w**3 - 16*w**2 + 16*w - 15. Determine h(-17).
2
Let y(c) = c**3 - 2*c**2 + 3*c - 9. Determine y(4).
35
Let n(s) = -2*s**2 - 2*s - 3. What is n(-5)?
-43
Let h(s) = 4*s + 28. What is h(-10)?
-12
Let r(z) = 74*z**2 - 142*z. Give r(2).
12
Let m(t) = 21*t + 78. Determine m(-4).
-6
Let m(q) = q**2 - 10*q - 11. Determine m(8).
-27
Let y(l) = l**3 - 3*l**2 - 7*l + 7. Give y(4).
-5
Let b(u) = 2*u**2 - 28*u + 12. Determine b(14).
12
Let r(l) = l**3 + 2*l**2 - 4*l - 5. Calculate r(-2).
3
Let n(u) = u**3 - 8*u**2 + 37*u - 107. Give n(5).
3
Let k(n) = -n**3 - 6*n**2 - 10*n - 15. Calculate k(-4).
-7
Let b(u) = -11*u + 19. Determine b(-6).
85
Let n(u) = -2*u**2 - 9*u - 5. Calculate n(-5).
-10
Let m(f) = -f**3 + 6*f**2 + 4*f + 16. Give m(7).
-5
Let c(t) = t**2 - 4*t - 5. Calculate c(0).
-5
Let p(o) = -o + 5. Calculate p(-4).
9
Let u(o) = 2*o + 6. Calculate u(-6).
-6
Let y(m) = -4*m**3 + 3*m. Give y(-2).
26
Let l(t) = 2*t + 6. Determine l(10).
26
Let v(u) = -2*u**2 - 4*u + 1. Calculate v(-3).
-5
Let o(z) = 11*z - 207. Determine o(19).
2
Let o(m) = -29*m + 20. Calculate o(1).
-9
Let d(f) = f**3 - f**2 + 11*f - 7. Give d(2).
19
Let i(z) = 2*z**3 - 3*z**2 - 12*z + 20. What is i(6)?
272
Let k(g) = 23*g + 459. Calculate k(-20).
-1
Let r(z) = 7*z**2 + 2*z + 2. Calculate r(4).
122
Let u(n) = -52*n + 783. Calculate u(15).
3
Let l(n) = -n**3 - 8*n**2 - 6*n + 10. Calculate l(-8).
58
Let c(h) = -67*h + 78. Give c(2).
-56
Let a(k) = -k**2 + 9*k - 13. Give a(8).
-5
Let u(x) = -x**3 - 33*x**2 - 28*x + 131. Determine u(-32).
3
Let d(m) = -2*m**3 - 3*m**2 - 4*m - 8. Determine d(-3).
31
Let n(m) = -m**2 + 10*m - 16. Give n(8).
0
Let m(w) = 2*w - 32. Give m(14).
-4
Let l(b) = b**3 - 12*b**2 - 14*b - 9. Give l(13).
-22
Let y(d) = 28*d. Determine y(-2).
-56
Let z(v) = 17*v**3 + v - 1. What is z(1)?
17
Let b(f) = f + 1. Calculate b(-3).
-2
Let x(d) = -2*d**3 + 3*d**2 + 5*d - 7. What is x(3)?
-19
Let l(v) = -3*v + 56. Determine l(18).
2
Let s(n) = n**2 - 14*n - 51. Give s(-3).
0
Let u(k) = k**3 + 8*k**2 + 11*k + 8. Determine u(-7).
-20
Let d(y) = -3*y - 5. Give d(-2).
1
Let u(i) = -2*i**2 + 38. Determine u(4).
6
Let h(f) = f + 53. What is h(-48)?
5
Let s(v) = -v**3 - 12*v**2 - 7*v + 7. Calculate s(-11).
-37
Let x(d) = -d**3 + 5*d**2 + 16*d - 8. Calculate x(7).
6
Let q(d) = d**3 + 5*d**2 - 7*d + 11. Give q(-6).
17
Let p(z) = -z**3 + 16*z**2 + 105*z + 1. Determine p(21).
1
Let d(n) = 2*n**2 - 19*n - 51. Calculate d(12).
9
Let f(m) = -m**3 - 10*m**2 + 12*m + 2. Give f(-11).
-9
Let l(r) = 23*r + 12. What is l(7